 - 1. Let r be (-47)/(-15) - 4/30. Suppose r*m - 45 = 3. Calculate the remainder when i(-1) is divided by m.
13
Suppose -1 + 0 = -d. Let s = 308 - 322. Calculate the remainder when 46 is divided by 1*(3 - d) - s.
14
Let j(z) = -2*z**2 + 13*z + 22. Let i be j(8). Let s = -61 - -120. Calculate the remainder when s is divided by ((-15)/i)/((-4)/(-8)).
14
Let t = -60 - -82. Suppose 5*k + 0*q = 3*q + 150, 5*q = 4*k - 107. Calculate the remainder when k is divided by t.
11
Suppose -8 = 7*d + 230. Let g = d + 69. What is the remainder when g is divided by (-82)/(-7) + 4/14?
11
Let o(x) = -4*x - 1. Let g(a) = 12*a + 3. Let n(z) = -6*g(z) - 17*o(z). Let k be n(-8). Suppose -5*w = -94 - k. Calculate the remainder when w is divided by 13.
12
Let z(r) = 2*r**2 + 3*r - 2. Suppose 5*m + 13 + 10 = 3*d, 2*d - 14 = 2*m. Calculate the remainder when z(-5) is divided by d.
3
Suppose 13 = 4*q - w - 4*w, -4*w = 2*q. Suppose -q*a = 5*o - 67, -2*a + 2*o = -5*a + 106. Calculate the remainder when a is divided by 2.
0
Let z(l) = -26*l + 1. Let n(y) = y**2 - 4*y + 7. Let j be n(3). Suppose j*x + 7 = 5*x. Calculate the remainder when z(-1) is divided by x.
6
Let h = 344 + -59. What is the remainder when h is divided by 116?
53
Let l = -38 - -43. What is the remainder when 34 is divided by l?
4
Suppose -3*j = 13 + 5. Let y = -57 - -86. What is the remainder when y is divided by (j - -1)/((-3)/6)?
9
Let r(z) = -z**2 - 17*z + 17. Let p be r(-18). Let v(b) = -b. Let n be v(p). Suppose -4*h + 47 = -n. Calculate the remainder when 69 is divided by h.
9
Suppose -7*g + 5*g + q = -130, 4 = -q. What is the remainder when g is divided by 15 - (-2)/((-2)/(-1))?
15
Suppose -345 - 735 = -9*r. What is the remainder when r is divided by 58?
4
Calculate the remainder when 137 is divided by (18 - (-48)/(-8))*18/3.
65
What is the remainder when 20034/78 - (-28)/182 is divided by 33?
26
Let l be -4*(-538)/(-16)*-2. Suppose 5*k = -3*u + l, 3*k + 452 = 5*u - 19. What is the remainder when u is divided by 12?
9
Let s be 9/(9/6 - 0). Let g be 3 + -2 - (-18)/s. Suppose -2*w + 2*v = g*v - 60, -50 = -w + 3*v. Calculate the remainder when w is divided by 12.
11
Let n(q) = -22*q - 105. What is the remainder when 241 is divided by n(-6)?
25
Let l be (4/(-2) - -2)*-1. Let q = l - -4. What is the remainder when (-468)/(-33) - -5*8/(-220) is divided by q?
2
Suppose -4*u + 3*y = -8*u + 506, 3*u - 383 = -4*y. Calculate the remainder when u is divided by 33.
26
Suppose 2*q - 3*r = r - 230, -8 = 2*r. Let v be (9/(-15))/((-1)/10). Calculate the remainder when q/(-3) + v/(-6) is divided by 15.
10
Let k(c) = c**3 - 10*c**2 + 14*c - 20. Suppose 99 = 3*o + 8*o. Calculate the remainder when 172 is divided by k(o).
22
Suppose -3*q + 6*q - 84 = 0. Let d = q - 15. Calculate the remainder when 37 is divided by d.
11
Suppose 4*v - 126 = 2*m, -83 = -4*v - 5*m + 50. What is the remainder when 55 is divided by v?
23
Let d(h) = -h + 21. Let c be d(9). What is the remainder when ((-2)/5)/((-1)/25) is divided by 52/c + (-2)/6?
2
Let i = -7 - -12. Let g = i + -4. Let r = g + 10. Calculate the remainder when 42 is divided by r.
9
Let u = -208 - -222. Calculate the remainder when 53 is divided by u.
11
Let t(m) = -m**3 - 9*m**2 - m + 15. Calculate the remainder when t(-9) is divided by 13.
11
Let i = -1334 + 1349. Suppose 4*c - 3 = 173. Calculate the remainder when c is divided by i.
14
Suppose -2 = -14*g + 15*g. What is the remainder when 88 is divided by 2/(-4) + (-63)/g?
26
Let h(x) = 473*x - 2354. Let c = 29 + -3. Let k = c - -16. What is the remainder when k is divided by h(5)?
9
Suppose 20*a - 16*a = 2*c - 56, 5*c + 4*a = 154. Calculate the remainder when 299 is divided by c.
29
Let d = -65 - -73. Let z = 1 + 3. Suppose -3*g = -z*h + 122, 2*g + 8 = -2*g. Calculate the remainder when h is divided by d.
5
Let h = -3 - 1. Let z(r) = -10*r - 46 - 5*r**2 + 38 + 4*r**2. What is the remainder when 45 is divided by z(h)?
13
Let i(c) = -6*c - 5. Suppose 2*k = 4*g + 54, -3*k - 2*g = -5*k + 44. What is the remainder when i(-6) is divided by k?
14
Let h = -42 + -3. Let a = -21 - h. What is the remainder when 69 is divided by a?
21
Calculate the remainder when -5 - 1 - (-35 - 359) is divided by 15.
13
Suppose 0 = -4*c + 26 + 66. What is the remainder when 48 is divided by c?
2
Let v be 364/6 + 6/(-9). Let a = -31 + v. What is the remainder when a is divided by 2*2 - ((-768)/(-8))/(-8)?
13
What is the remainder when 231 is divided by (-1)/(3/(-5)) - (-10478)/186?
57
Let z = -829 - -1668. What is the remainder when z is divided by 70?
69
Let l = -487 - -509. What is the remainder when 75 is divided by l?
9
Suppose 0 = l - 2*m - 1445, -5*l - 4*m + 5650 = -1519. Calculate the remainder when l is divided by 90.
87
Let h = 7 - 3. Suppose i - 21 = 5. Calculate the remainder when (303/(-6))/((-2)/h) is divided by i.
23
Suppose 5*k + 2*c = 24, -k + c + 14 = 3*k. Suppose 4*r = 3*x + 45, -3*r + k*x + 32 = -0*r. What is the remainder when 58 is divided by r?
10
Let m = -1210 + 1394. What is the remainder when m is divided by 5?
4
Let t be (-968)/(-56) - ((-32)/(-14) + -2). Let j(l) = l**2 - 13*l - 10. Calculate the remainder when j(t) is divided by 16.
10
Suppose 5*t + 3*x - 322 = 0, 46 + 4 = t - 3*x. Calculate the remainder when 192 is divided by t.
6
Suppose -4*f + 155 = l, -f = -4*l - 0*l + 569. Let p(j) = 36*j**2 + 5*j - 5. What is the remainder when l is divided by p(1)?
35
Let a be 4*((-6)/(-2) - 2). Suppose 0 = a*v + 3*s - 60, 0 = -s + 5*s. What is the remainder when 43 is divided by v?
13
Let j be (-1122)/(-30) - (-6)/(-15). Let i = -6 + j. What is the remainder when i is divided by 17?
14
Suppose -2*i = -4 + 2. Let f = 52 + i. Calculate the remainder when f is divided by 14.
11
Let a = 12370 + -12365. Suppose 5*q - 11 = 14. What is the remainder when -2 + (4 - 0)*q is divided by a?
3
Suppose d = 8*d - 70. Calculate the remainder when (-1)/(138/70 - 2) is divided by d.
5
Calculate the remainder when (0 + 1)*(-16918)/(-11) is divided by 14.
12
Let z = 898 + -403. Suppose -5*h = -3*d + 73, 6 + 0 = -3*h. Calculate the remainder when -2 + z/12 + (-3)/(-4) is divided by d.
19
Let d = -122 + 138. Suppose d*q = 6*q + 530. Suppose 2*y - 8 = 0, -3*z - 2*z - 4*y + 86 = 0. Calculate the remainder when q is divided by z.
11
Suppose -3*p + 15 = 0, 4*p - 19 = -2*w + 3*p. Let o(l) = 4*l + 5. Calculate the remainder when o(w) is divided by (-4)/6*(-216)/16.
6
Let w(x) = x**3 + 6*x**2 - 8*x + 3. Let h be w(-7). Suppose 9*d - 61 = h*d. Let p = -42 - d. Calculate the remainder when 56 is divided by p.
18
Suppose 0 = 7*b + 428 - 1877. What is the remainder when b is divided by 21?
18
Calculate the remainder when (20 - 4)*-76*2/(-32) is divided by 18.
4
Calculate the remainder when 447 is divided by (-14768)/(-2485) + 2/35.
3
What is the remainder when (-18)/(-63)*(-5369)/(-26) is divided by 3?
2
Suppose -6*l + 220 = 208. Calculate the remainder when 19 is divided by l.
1
Suppose 0*l - 30 = -3*l. Let n be 50/15*18/l. Suppose 5*k = 5*u - 20, -n*u - 5*k + 30 = -u. What is the remainder when 22 is divided by u?
2
Let j = 24 - 20. Suppose 2*n - 47 = -2*n + 3*u, -4*n = -j*u - 48. Calculate the remainder when 40 is divided by n.
7
Suppose -6*k = -k - 5. Let x be -4*(9/4 - 1). Let v = x + 7. What is the remainder when v is divided by k?
0
Suppose 79 = 5*i + 2*t - 91, -4*i + 136 = 4*t. Let o = 53 - i. What is the remainder when (27/4)/(((-12)/(-32))/3) is divided by o?
16
Suppose 0 = 2*f + f - 75. Let i = 6634 + -6620. What is the remainder when f is divided by i?
11
Suppose 5*f - 2*h - 2*h - 18 = 0, 3 = h. Suppose 0 = 4*v - 87 - 5. What is the remainder when v is divided by f?
5
Let q = 830 + -798. Calculate the remainder when 347 is divided by q.
27
Let f(r) = -5*r - 56. Let y be f(-12). Suppose y*n + 39 = 3*k - 0*n, k + 3*n = 0. Calculate the remainder when 33 is divided by k.
6
Let f(j) = 4*j**2 + 123*j + 107. Suppose 3*o + o = 152. Calculate the remainder when o is divided by f(-30).
4
Let b(k) = k**2 + 4*k + 10. Suppose 26 = 4*n - 8*m + 9*m, 0 = n + 3*m - 1. Calculate the remainder when b(-7) is divided by n.
3
What is the remainder when (-118)/(-6) + (-10)/15 is divided by 35/14*28/10?
5
Let w = -429 + 444. Suppose -3*t - 99 = -2*q, -q + t = -29 - 23. C